. Let q = 78690 - 78615. What is the remainder when l is divided by q?
71
Let o(r) = -r**2 + 29*r - 20. Let c = 263 + -158. What is the remainder when c is divided by o(27)?
3
Let p = 8 + -5. Suppose 23 = p*u + 5. Calculate the remainder when 52 is divided by u*21/9 + -3.
8
Let v(j) = -281*j**3 - 139*j**2 + 11*j - 7. What is the remainder when v(-3) is divided by 274?
268
Suppose -6*j + 1109 - 197 = 0. Suppose 4*v = 4 + 152. Calculate the remainder when j is divided by v.
35
Let o(p) = 1176*p + 1239. Calculate the remainder when 2560 is divided by o(-1).
40
Suppose -1424 = -5*d + 1576. Calculate the remainder when (-1)/(d/152 + -4) is divided by 14.
5
Let v = 14475 + -14470. Let r(q) = -4*q. Calculate the remainder when r(-4) is divided by v.
1
Let s be (9/(180/(-232)))/((-2)/5). Suppose s*g - 28*g = 99. Calculate the remainder when g is divided by 26.
21
Suppose 11*j + 121 - 1518 = 0. Calculate the remainder when 367 is divided by j.
113
Suppose -7*v = 2*v - 10059 - 22665. What is the remainder when v is divided by 107?
105
Suppose -h + 4*w = -19, 0*h = -5*h - 3*w + 95. What is the remainder when 15902 is divided by h?
18
Let y be (-584)/(-24) + (-24)/18. Let j = 9 + y. What is the remainder when j is divided by 7?
4
Let y(n) = 2*n**3 - n**2 - 3*n + 7. Suppose 7*o - 19*o + 36 = 0. Calculate the remainder when 171 is divided by y(o).
42
Suppose -14*z + 46 = 4*s, 14 = -3*s - 3*z + 86. Suppose -2*q + 158 = 2*y + 3*q, 5*y + 5*q - 395 = 0. What is the remainder when y is divided by s?
21
What is the remainder when ((-287776)/(-408))/(2*(-3)/(-9)) is divided by 334?
56
Suppose -2*r + 340 = -4*g, r - 435 = -4*g - 253. Calculate the remainder when r is divided by 124.
50
Let r = 279 + -264. Calculate the remainder when 48 is divided by 207/r + 24/(-30).
9
Suppose 67*d + 16526 + 517 = 106*d. Calculate the remainder when d is divided by 87.
2
Let q(x) = 3*x - 35. Let l be q(-23). Let s = 106 + l. What is the remainder when 23 is divided by s?
1
Let o(t) = -2*t**3 + 28*t**2 - 30*t + 29. Let k be o(13). What is the remainder when (1 - 4) + 173 + k is divided by 15?
12
Let g = 50 + -72. Let z = -44 - g. Let m = 35 + z. Calculate the remainder when 51 is divided by m.
12
Let d = 750 - 1068. Let a = 563 + d. Suppose -5*g = q - 11, -a = -5*q - 3*g - 80. What is the remainder when 137 is divided by q?
29
Calculate the remainder when 1824 is divided by ((-504)/30)/(60/(-225)).
60
Let k(w) = w**2 + 12*w + 38. Let d = 47 - 61. Let x be (d + 12)/((-2)/(-10)). What is the remainder when 160 is divided by k(x)?
16
Suppose 0 = 10*u + 77 - 17. Calculate the remainder when (2/u)/((-3)/261) is divided by 9.
2
Let o = 34519 - 32199. Calculate the remainder when o is divided by 70.
10
Suppose h + r = 177, -2*h + 0*r + r + 360 = 0. Suppose 5*b = -2*c + h, 3*b + 9*c - 107 = 8*c. What is the remainder when b is divided by 17?
1
Let t(f) = -f**2 - 32*f - 66. Let l be (4/8*-1)/((-7)/(-406)). Calculate the remainder when 41 is divided by t(l).
20
Let v(r) = 4*r**2 + 8*r - 52. Let t be v(-8). Suppose -2*m = -3*z + t, 3*z - 2*m = 3*m + 143. Calculate the remainder when 687 is divided by z.
43
Suppose 0 = 2*i - 4*f + 438 - 514, 3*i + 4*f - 44 = 0. Suppose -v - 70 = -2*v. Calculate the remainder when v + 1 - (4 + -2) is divided by i.
21
Let t(p) = -p**2 - 3*p + 4. Let a be t(3). Let d be 5/((-7)/a - (-28)/(-55)). Calculate the remainder when 47 is divided by d/(-45) + (-1)/(27/6).
11
Suppose w + 0*w - 5 = 0. Let t(u) be the first derivative of -u**3/3 - 6*u**2 + 2*u + 29. Calculate the remainder when w is divided by t(0).
1
Let u = 36 + -12. Suppose 3*l + 0 = u. Suppose 4*g = 2*y + 8, 3*g - 17 = y - l. Calculate the remainder when 27 is divided by y.
3
Let y(b) = -97*b + 7964. Calculate the remainder when 395 is divided by y(82).
5
Let c = 873 + -608. Suppose 4*a = 20, -5*i - 95 = -4*a - c. Let m(t) = 5*t**2 + 20*t - 9. What is the remainder when m(4) is divided by i?
37
Suppose 334*m - 19282 = 303*m. What is the remainder when m is divided by 104?
102
Calculate the remainder when 964/3 - 4/12 is divided by 102/(-12)*(-124)/62.
15
Suppose -152*g - 5*b - 662 = -155*g, -g + 3*b + 226 = 0. Calculate the remainder when g is divided by 140.
74
Let c be (-12)/(-15)*(613/2 + -4). Suppose -4*p + c = 17*h - 12*h, 2*p - 236 = -5*h. Calculate the remainder when 82 is divided by h.
36
Let u = 5313 - 5288. What is the remainder when 10749 is divided by u?
24
Let i(w) = -w**2 - 3*w + 38. Let x = -13 - -22. Let r be 6/x + 6/(-9). What is the remainder when i(r) is divided by 21?
17
Suppose -3 = -10*u + 17. Let h(r) = 10*r - 4*r**2 - 2*r + 3*r**u - 8 + 0*r**2. Calculate the remainder when 37 is divided by h(5).
2
Let d = 315 + -329. What is the remainder when 26 is divided by 105/d*3/18*-4?
1
Suppose 28*w - 18 = 22*w. Suppose 78 = 5*x - 3*f, w*x - 7*x = -2*f - 62. Calculate the remainder when 77 is divided by x.
2
Let u(k) = -7*k + 1. Let y(j) = -j**3 + 78*j**2 + 56*j + 1832. What is the remainder when u(-6) is divided by y(79)?
13
Suppose 0 = -5*g + 773 - 303. Suppose 0 = -139*x + 150*x - 36 - 173. What is the remainder when g is divided by x?
18
What is the remainder when ((-734)/(-6))/((-18)/(-108) - (2 - 2)) is divided by 242?
8
Let l(d) = -262*d + 36. Let h be l(-2). What is the remainder when h/6 - 4/(24/2) is divided by 24?
21
Let w(a) = -a**3 + 6*a**2 + 7*a - 2. Let r be (816/40)/(6/20). What is the remainder when w(6) is divided by 36*(4/(-18) + r/144)?
4
Suppose 0 = 4*f - 6*f + 4. Suppose 5*x - 2 = -3*z, -3*x = 3*z - z - f. What is the remainder when (0 + 1)*(37 - x/(-1)) is divided by 18?
17
Let g(i) = -i**3 - 36*i**2 + i + 139. What is the remainder when g(-36) is divided by 47?
9
Let p(g) = 5*g + 20. Let r be p(-9). Let b(a) = a**3 + 25*a**2 + 24. Calculate the remainder when 95 is divided by b(r).
23
Let z be ((-513)/(-18))/(2/8). Suppose 6*i - z = -0*i. Let q = 298 + -292. What is the remainder when i is divided by q?
1
Suppose 5*f - 308 = -3*a, 29*f - 150 = 26*f + 4*a. What is the remainder when 705 is divided by f?
9
Suppose 1594 = -6*f + f + 2*g, 0 = 2*f + 4*g + 652. Let o = f - -327. Calculate the remainder when 9 is divided by o.
2
Let v(m) be the first derivative of 65*m**3/3 - 11*m**2 + 22*m + 145. What is the remainder when v(1) is divided by 35?
30
What is the remainder when (15 + (-4)/1)*-1*1*-10 is divided by 7?
5
Let z = 77 - -11. Let v = z + -59. Let a = v + -14. Calculate the remainder when 27 is divided by a.
12
What is the remainder when 379 is divided by 4/(-20) + 46/80 + 1955/184?
5
Let n = -5440 - -5457. Calculate the remainder when 23 is divided by n.
6
Suppose 3*k + 7 = 5*y, 0 = y - 2*k - 6 - 1. Suppose -5*f = 3*r + 27, 0 = 2*r - 3*f + 9 + 28. What is the remainder when y*(-2 + r)/2 is divided by 3?
2
Let f(j) = 443*j + 77. Let m be f(9). Calculate the remainder when (-4)/22 - m/(-88) is divided by 36.
10
Let h(q) = 233*q**2 + q - 1. Let m = 422 + -404. Calculate the remainder when h(1) is divided by m.
17
Let j = -544 - -1118. Calculate the remainder when j is divided by 20.
14
Let o = 874 - 851. Suppose 6 = w + 4. Suppose w*v - 9 - 7 = 0. What is the remainder when o is divided by v?
7
Suppose p + 2*p - 12 = 0. Suppose 2*n = -p, -2*n = -4*j + 6*j - 60. Suppose 6*b - 2*u - 122 = b, 2*b - j = 5*u. What is the remainder when b is divided by 14?
12
Suppose 11*a - 2061 = 1294. Suppose g + 0*g + 2*n = 26, -g = 3*n - 22. What is the remainder when a is divided by g?
33
Let t = 5113 + -5092. Calculate the remainder when 45 is divided by t.
3
Let r = -704 + 724. Suppose 0 = -5*l - r, -2*b + 45 = l - 993. What is the remainder when b is divided by 87?
86
Let p(h) = h**3 + 8*h**2 + 4*h + 1. Suppose -2*r + 600 = 4*z, -501 - 216 = -5*z + 3*r. Calculate the remainder when z is divided by p(-7).
15
Let h = 11645 + -11492. Let a(x) = 2*x**2 + x + 7. What is the remainder when h is divided by a(0)?
6
Let k = 381 + -371. Suppose 0*w - w + 19 = r, w = 5*r + 19. What is the remainder when w is divided by (138/k - 3) + 4/(-5)?
9
Let x be (-234 - -180)/(2 - 7/2). Suppose 0*b + 2*b + 16 = 0. Let q = x + b. What is the remainder when 55 is divided by q?
27
Let w = 20539 + -19615. Calculate the remainder when 1858 is divided by w.
10
Suppose -3*s = -5*s + 6. Suppose -s*f = 16 - 